ommon divisor of 19460100 and 120?
60
What is the highest common divisor of 53756 and 162692?
356
Calculate the greatest common factor of 1297256 and 248576.
7768
Calculate the greatest common divisor of 50 and 797231510.
10
Calculate the greatest common factor of 324207 and 89813.
163
What is the greatest common factor of 554488 and 539?
11
Calculate the highest common factor of 660413 and 2392.
13
Calculate the greatest common factor of 127442 and 2128.
14
What is the greatest common divisor of 25 and 90912775?
25
Calculate the highest common divisor of 289238 and 6878.
362
What is the greatest common factor of 620 and 131964520?
620
Calculate the highest common divisor of 248535 and 5238.
27
Calculate the highest common factor of 24 and 835219524.
12
What is the highest common factor of 404606 and 8282?
202
What is the greatest common divisor of 6616750 and 175?
175
Calculate the highest common divisor of 1249792 and 1774607.
2441
Calculate the highest common divisor of 22150 and 1050.
50
What is the greatest common factor of 202365 and 7560?
135
Calculate the greatest common factor of 2578 and 9563091.
1289
Calculate the highest common factor of 40 and 39429605.
5
Calculate the greatest common factor of 6273 and 35984716.
697
Calculate the greatest common factor of 14862055 and 10.
5
What is the highest common factor of 806163275 and 4175?
4175
What is the highest common divisor of 99989717 and 23?
23
What is the greatest common factor of 500770 and 50420?
10
Calculate the greatest common divisor of 858 and 3035934.
66
Calculate the highest common factor of 319933 and 140289.
463
What is the greatest common divisor of 28336165 and 6721?
143
What is the highest common factor of 652088 and 71336?
296
Calculate the greatest common factor of 618464 and 57344.
224
What is the highest common divisor of 1247505 and 1715?
35
Calculate the highest common factor of 1287385 and 1691.
89
Calculate the greatest common factor of 3000857 and 34.
17
What is the greatest common factor of 165728 and 7168?
32
Calculate the highest common divisor of 1673534115 and 8910.
4455
What is the highest common divisor of 11348 and 2087090116?
11348
Calculate the greatest common divisor of 12236 and 154508.
76
What is the highest common divisor of 282 and 8057398?
94
Calculate the greatest common factor of 8109 and 1473084.
153
Calculate the highest common factor of 238995 and 500785.
235
What is the greatest common divisor of 384700850 and 415?
415
Calculate the highest common factor of 3043326 and 19734.
858
What is the greatest common factor of 13194737 and 561?
17
What is the highest common factor of 279146 and 421386?
1778
What is the highest common factor of 4948294 and 9711?
1079
What is the highest common factor of 60 and 344598?
6
Calculate the greatest common divisor of 119048 and 393530.
46
Calculate the highest common factor of 301 and 237223.
7
What is the highest common divisor of 356 and 57405?
89
Calculate the highest common divisor of 1162 and 59321594.
166
Calculate the greatest common factor of 55075 and 1067210305.
11015
Calculate the greatest common divisor of 320 and 4370744.
8
Calculate the greatest common factor of 64 and 3935272.
8
Calculate the highest common divisor of 1081 and 19006142.
1081
What is the highest common divisor of 39014 and 192?
2
What is the greatest common divisor of 1932920 and 11040?
920
Calculate the highest common divisor of 190963163 and 83.
83
What is the highest common factor of 1380 and 309480?
60
What is the greatest common factor of 5611404 and 84?
12
Calculate the highest common divisor of 47 and 5728783.
47
What is the greatest common factor of 35 and 20192585?
35
Calculate the greatest common divisor of 1020 and 11388606.
102
Calculate the greatest common divisor of 64341 and 21735.
27
Calculate the highest common divisor of 2329596 and 6357.
489
What is the greatest common divisor of 316679728 and 48?
16
Calculate the greatest common divisor of 132914376 and 128.
8
Calculate the highest common divisor of 20352808 and 816.
136
What is the greatest common divisor of 153 and 324071?
17
Calculate the greatest common factor of 918 and 568446.
102
What is the highest common factor of 12943644 and 14700?
588
What is the highest common factor of 12620 and 267364165?
3155
What is the highest common divisor of 709814 and 104909?
49
Calculate the highest common divisor of 4615081 and 54378.
1007
Calculate the greatest common factor of 55210761 and 108.
27
Calculate the greatest common factor of 13811 and 220808.
7
What is the highest common factor of 1098 and 11895000?
366
What is the highest common divisor of 2511 and 29152791?
81
What is the highest common factor of 592875 and 142600?
775
What is the highest common divisor of 543826 and 10804?
74
What is the greatest common divisor of 1009800 and 668712?
4488
What is the highest common divisor of 573 and 22821?
3
What is the highest common divisor of 5886 and 4006854?
54
Calculate the greatest common divisor of 1819720 and 16240.
280
Calculate the highest common factor of 592896 and 48192.
192
What is the highest common divisor of 1075556 and 30753?
17
Calculate the highest common factor of 2790596 and 1106.
158
What is the greatest common divisor of 107335800 and 3564?
1188
Calculate the highest common divisor of 29687 and 38101.
7
Calculate the greatest common factor of 7182 and 15204.
42
Calculate the greatest common factor of 4190280 and 360.
120
What is the highest common factor of 8039530 and 261040?
2510
What is the highest common factor of 601619 and 3043?
179
What is the greatest common factor of 371224 and 441?
49
What is the greatest common divisor of 15620 and 109461410?
710
Calculate the highest common factor of 649 and 229259250.
649
What is the highest common factor of 45326208 and 3712?
128
What is the highest common factor of 10992918 and 3855?
771
Calculate the greatest common factor of 1 and 37908873.
1
What is the highest common factor of 4823455 and 195?
65
Calculate the highest common divisor of 192 and 1630655328.
96
What is the highest common divisor of 686 and 4407410?
14
What is the highest common factor of 950913344 and 32?
32
What is the highest common divisor of 2515440 and 1296?
48
Calculate the highest common factor of 7650072 and 57352.
856
Calculate the highest common divisor of 334892015 and 43496.
5437
What is the highest common factor of 36504525 and 850?
425
Calculate the highest common factor of 43038422 and 14.
14
What is the greatest common divisor of 1766 and 23486034?
1766
Calculate the highest common factor of 4917044 and 484.
44
Calculate the greatest common factor of 158290696 and 75724.
6884
Calculate the greatest common divisor of 57699 and 157167.
27
What is the greatest common factor of 184 and 38078179?
23
What is the greatest common divisor of 568239829 and 83?
83
What is the greatest common factor of 1887 and 18007437?
51
Calculate the greatest common factor of 6450 and 1223000.
50
Calculate the greatest common divisor of 832904964 and 636.
636
Calculate the highest common divisor of 576 and 3049470.
18
What is the greatest common divisor of 2176104 and 49896?
168
What is the highest common divisor of 28 and 48381263?
7
What is the greatest common factor of 13434 and 500922514?
4478
What is the highest common divisor of 37825311 and 349638?
9201
What is the greatest common factor of 26 and 14228383?
13
Calculate the highest common factor of 29382818 and 1.
1
Calculate the highest common divisor of 14488408 and 47399.
341
Calculate the greatest common factor of 384 and 34310912.
128
Calculate the highest common divisor of 550 and 132932822.
22
Calculate the highest common divisor of 17271 and 47773.
101
Calculate the greatest common factor of 7956 and 3630588.
2652
What is the highest common factor of 1256781852 and 216?
108
Calculate the greatest common divisor of 21 and 216076.
7
Calculate the highest common factor of 281587168 and 1648.
1648
Calculate the greatest common divisor of 61128 and 48.
24
Calculate the highest common divisor of 31694 and 294515.
299
What is the highest common factor of 5277 and 15972?
3
What is the greatest common divisor of 47043656 and 32828?
1132
What is the highest common factor of